{"id":169,"date":"2021-06-09T12:59:55","date_gmt":"2021-06-09T12:59:55","guid":{"rendered":"https:\/\/materace-dla-hoteli.pl\/?page_id=169"},"modified":"2021-06-09T14:02:48","modified_gmt":"2021-06-09T14:02:48","slug":"katalog-produktow","status":"publish","type":"page","link":"http:\/\/materace-dla-hoteli.pl\/?page_id=169","title":{"rendered":"Katalog produkt\u00f3w"},"content":{"rendered":"\n<p class=\"has-black-color has-text-color\">Zach\u0119camy do zapoznania si\u0119 z nasz\u0105 ofert\u0105 materacy.<\/p>\n\n\n\n<p class=\"has-black-color has-text-color\">Dla sprawniejszego przegl\u0105dania naszego katalogu stworzyli\u015bmy dla Pa\u0144stwa podzia\u0142 produkt\u00f3w na trzy strefy: basic, premium i expert. Poni\u017cej podpowiadamy co oznacza dana strefa.<\/p>\n\n\n\n<p class=\"has-black-color has-text-color\"><strong>BASIC<\/strong>&#8211; znajdziesz tu materace sk\u0142adaj\u0105ce si\u0119 z jednej, do dw\u00f3ch warstw.<\/p>\n\n\n\n<p class=\"has-black-color has-text-color\"><strong>PREMIUM<\/strong>&#8211; w tej strefie znajduj\u0105 si\u0119 bardziej zaawansowane modele materacy.  <\/p>\n\n\n\n<p class=\"has-black-color has-text-color\"><strong>EXPERT<\/strong>&#8211; ta strefa, to miejsce dla wymagaj\u0105cych klient\u00f3w. Znajduj\u0105 si\u0119 tu materace, w kt\u00f3rych zastosowano najnowsze technologie.<\/p>\n\n\n\n<p class=\"has-black-color has-text-color\">Nasza firma zajmuje si\u0119 produkcj\u0105 materacy, dzi\u0119ki czemu jeste\u015bmy gotowi stworzy\u0107 materac na \u017cyczenie klienta. Realizujemy wszystkie zam\u00f3wienia, nie s\u0105 nam straszne niestandardowe wymiary.<\/p>\n\n\n\n<figure class=\"wp-block-gallery columns-3 is-cropped wp-block-gallery-1 is-layout-flex wp-block-gallery-is-layout-flex\"><ul class=\"blocks-gallery-grid\"><li class=\"blocks-gallery-item\"><figure><img loading=\"lazy\" decoding=\"async\" width=\"800\" height=\"600\" src=\"https:\/\/materace-dla-hoteli.pl\/wp-content\/uploads\/2021\/06\/MATERACE-PREMIUM.jpg\" alt=\"materac piankowy producent materacy materac zdrowotny materac dla par dla dzieci\" data-id=\"211\" data-full-url=\"https:\/\/materace-dla-hoteli.pl\/wp-content\/uploads\/2021\/06\/MATERACE-PREMIUM.jpg\" data-link=\"https:\/\/materace-dla-hoteli.pl\/?attachment_id=211\" class=\"wp-image-211\" srcset=\"http:\/\/materace-dla-hoteli.pl\/wp-content\/uploads\/2021\/06\/MATERACE-PREMIUM.jpg 800w, http:\/\/materace-dla-hoteli.pl\/wp-content\/uploads\/2021\/06\/MATERACE-PREMIUM-300x225.jpg 300w, http:\/\/materace-dla-hoteli.pl\/wp-content\/uploads\/2021\/06\/MATERACE-PREMIUM-768x576.jpg 768w\" sizes=\"(max-width: 800px) 100vw, 800px\" \/><\/figure><\/li><li class=\"blocks-gallery-item\"><figure><img loading=\"lazy\" decoding=\"async\" width=\"800\" height=\"600\" src=\"https:\/\/materace-dla-hoteli.pl\/wp-content\/uploads\/2021\/06\/MATERACE-EXPERT.jpg\" alt=\"materac piankowy producent materacy materac zdrowotny materac dla par dla dzieci\" data-id=\"210\" data-full-url=\"https:\/\/materace-dla-hoteli.pl\/wp-content\/uploads\/2021\/06\/MATERACE-EXPERT.jpg\" data-link=\"https:\/\/materace-dla-hoteli.pl\/?attachment_id=210\" class=\"wp-image-210\" srcset=\"http:\/\/materace-dla-hoteli.pl\/wp-content\/uploads\/2021\/06\/MATERACE-EXPERT.jpg 800w, http:\/\/materace-dla-hoteli.pl\/wp-content\/uploads\/2021\/06\/MATERACE-EXPERT-300x225.jpg 300w, http:\/\/materace-dla-hoteli.pl\/wp-content\/uploads\/2021\/06\/MATERACE-EXPERT-768x576.jpg 768w\" sizes=\"(max-width: 800px) 100vw, 800px\" \/><\/figure><\/li><li class=\"blocks-gallery-item\"><figure><img loading=\"lazy\" decoding=\"async\" width=\"800\" height=\"600\" src=\"https:\/\/materace-dla-hoteli.pl\/wp-content\/uploads\/2021\/06\/MATERACE-basic.jpg\" alt=\"materac piankowy producent materacy materac zdrowotny materac dla par dla dzieci\" data-id=\"209\" data-full-url=\"https:\/\/materace-dla-hoteli.pl\/wp-content\/uploads\/2021\/06\/MATERACE-basic.jpg\" data-link=\"https:\/\/materace-dla-hoteli.pl\/?attachment_id=209\" class=\"wp-image-209\" srcset=\"http:\/\/materace-dla-hoteli.pl\/wp-content\/uploads\/2021\/06\/MATERACE-basic.jpg 800w, http:\/\/materace-dla-hoteli.pl\/wp-content\/uploads\/2021\/06\/MATERACE-basic-300x225.jpg 300w, http:\/\/materace-dla-hoteli.pl\/wp-content\/uploads\/2021\/06\/MATERACE-basic-768x576.jpg 768w\" sizes=\"(max-width: 800px) 100vw, 800px\" \/><\/figure><\/li><\/ul><\/figure>\n\n\n\n<p><\/p>\n","protected":false},"excerpt":{"rendered":"<p>Zach\u0119camy do zapoznania si\u0119 z nasz\u0105 ofert\u0105 materacy. Dla sprawniejszego przegl\u0105dania naszego katalogu stworzyli\u015bmy dla Pa\u0144stwa podzia\u0142 produkt\u00f3w na trzy strefy: basic, premium i expert. Poni\u017cej podpowiadamy co oznacza dana strefa. BASIC&#8211; znajdziesz tu materace sk\u0142adaj\u0105ce si\u0119 z jednej, do dw\u00f3ch warstw. PREMIUM&#8211; w tej strefie znajduj\u0105 si\u0119 bardziej zaawansowane modele materacy. EXPERT&#8211; ta strefa, [&hellip;]<\/p>\n","protected":false},"author":1,"featured_media":194,"parent":0,"menu_order":0,"comment_status":"closed","ping_status":"closed","template":"","meta":{"footnotes":""},"_links":{"self":[{"href":"http:\/\/materace-dla-hoteli.pl\/index.php?rest_route=\/wp\/v2\/pages\/169"}],"collection":[{"href":"http:\/\/materace-dla-hoteli.pl\/index.php?rest_route=\/wp\/v2\/pages"}],"about":[{"href":"http:\/\/materace-dla-hoteli.pl\/index.php?rest_route=\/wp\/v2\/types\/page"}],"author":[{"embeddable":true,"href":"http:\/\/materace-dla-hoteli.pl\/index.php?rest_route=\/wp\/v2\/users\/1"}],"replies":[{"embeddable":true,"href":"http:\/\/materace-dla-hoteli.pl\/index.php?rest_route=%2Fwp%2Fv2%2Fcomments&post=169"}],"version-history":[{"count":19,"href":"http:\/\/materace-dla-hoteli.pl\/index.php?rest_route=\/wp\/v2\/pages\/169\/revisions"}],"predecessor-version":[{"id":243,"href":"http:\/\/materace-dla-hoteli.pl\/index.php?rest_route=\/wp\/v2\/pages\/169\/revisions\/243"}],"wp:featuredmedia":[{"embeddable":true,"href":"http:\/\/materace-dla-hoteli.pl\/index.php?rest_route=\/wp\/v2\/media\/194"}],"wp:attachment":[{"href":"http:\/\/materace-dla-hoteli.pl\/index.php?rest_route=%2Fwp%2Fv2%2Fmedia&parent=169"}],"curies":[{"name":"wp","href":"https:\/\/api.w.org\/{rel}","templated":true}]}}