{"id":196,"date":"2021-06-09T13:34:06","date_gmt":"2021-06-09T13:34:06","guid":{"rendered":"https:\/\/materace-dla-hoteli.pl\/?page_id=196"},"modified":"2021-06-24T12:36:14","modified_gmt":"2021-06-24T12:36:14","slug":"materace-basic","status":"publish","type":"page","link":"http:\/\/materace-dla-hoteli.pl\/?page_id=196","title":{"rendered":"Materace BASIC"},"content":{"rendered":"\n<figure class=\"wp-block-image size-large is-resized\"><img loading=\"lazy\" decoding=\"async\" src=\"https:\/\/materace-dla-hoteli.pl\/wp-content\/uploads\/2021\/06\/flexi-hard-standard-soft1-1024x576-1.jpg\" alt=\"Materac piankowy, mi\u0119kki, twardy, dla dzieci, zdrowotny, dla par\" class=\"wp-image-194\" width=\"842\" height=\"473\" srcset=\"http:\/\/materace-dla-hoteli.pl\/wp-content\/uploads\/2021\/06\/flexi-hard-standard-soft1-1024x576-1.jpg 1024w, http:\/\/materace-dla-hoteli.pl\/wp-content\/uploads\/2021\/06\/flexi-hard-standard-soft1-1024x576-1-300x169.jpg 300w, http:\/\/materace-dla-hoteli.pl\/wp-content\/uploads\/2021\/06\/flexi-hard-standard-soft1-1024x576-1-768x432.jpg 768w\" sizes=\"(max-width: 842px) 100vw, 842px\" \/><\/figure>\n\n\n\n<div class=\"wp-block-group\"><div class=\"wp-block-group__inner-container is-layout-flow wp-block-group-is-layout-flow\">\n<div class=\"wp-block-group has-black-color has-text-color\"><div class=\"wp-block-group__inner-container is-layout-flow wp-block-group-is-layout-flow\">\n<div class=\"wp-block-columns is-layout-flex wp-container-core-columns-is-layout-1 wp-block-columns-is-layout-flex\">\n<div class=\"wp-block-column is-vertically-aligned-top is-layout-flow wp-block-column-is-layout-flow\" style=\"flex-basis:100%\">\n<figure class=\"wp-block-table\"><table><tbody><tr><td>Materac <strong>FLEXI BASIC<\/strong><\/td><td>Materac <strong>FLEXI STANDARD<\/strong><\/td><td>Materac <strong>FLEXI HARD<\/strong><\/td><\/tr><tr><td>&nbsp;Mi\u0119kki H1<\/td><td>Twardy H3<\/td><td>Bardzo twardy H4<\/td><\/tr><tr><td>pianka poliuretanowa T18<\/td><td>pianka poliuretanowa o gramaturze T25<\/td><td>pianka poliuretanowa o gramaturze T35<\/td><\/tr><tr><td>Przeznaczony dla dzieci i doros\u0142ych<\/td><td>Przeznaczony dla doros\u0142ych i dzieci od 3 lat<\/td><td>Przeznaczony dla doros\u0142ych<\/td><\/tr><\/tbody><\/table><\/figure>\n\n\n\n<p><\/p>\n<\/div>\n<\/div>\n<\/div><\/div>\n<\/div><\/div>\n\n\n\n<div class=\"wp-block-group\"><div class=\"wp-block-group__inner-container is-layout-flow wp-block-group-is-layout-flow\">\n<p class=\"has-black-color has-text-color\">Materace piankowe <strong>FLEXI,<\/strong> cechuje wysoka <strong>trwa\u0142o\u015b\u0107<\/strong> i <strong>odporno\u015b\u0107 <\/strong>na dzia\u0142anie bod\u017ac\u00f3w chemicznych, oraz fizycznych.<br>U\u017cyta do produkcji pianka jest odpowiednia dla os\u00f3b cierpi\u0105cych na <strong>alergie<\/strong>, ponadto<strong> dostosowuje si\u0119 do kszta\u0142tu cia\u0142a<\/strong>, gwarantuj\u0105c <strong>w\u0142a\u015bciwe roz\u0142o\u017cenie ci\u0119\u017caru<\/strong> cia\u0142a na materacu. W\u0142a\u015bciwo\u015bci pianki poliuretanowej odpowiadaj\u0105 za dobr\u0105 <strong>cyrkulacj\u0119 powietrza<\/strong>. Polecany dla os\u00f3b z <strong>nadpotliwo\u015bci\u0105<\/strong>.<br>Materac FLEXI jest odpowiedni tak\u017ce do stela\u017cy regulowanych. Materac <strong>dost\u0119pny jest w ka\u017cdym rozmiarze<\/strong>. <\/p>\n<\/div><\/div>\n\n\n\n<figure class=\"wp-block-image size-large\"><img loading=\"lazy\" decoding=\"async\" width=\"1024\" height=\"576\" src=\"https:\/\/materace-dla-hoteli.pl\/wp-content\/uploads\/2021\/06\/airmax1-1024x576.jpg\" alt=\"materac piankowy produkcja producent materacy fabryka\" class=\"wp-image-240\" srcset=\"http:\/\/materace-dla-hoteli.pl\/wp-content\/uploads\/2021\/06\/airmax1-1024x576.jpg 1024w, http:\/\/materace-dla-hoteli.pl\/wp-content\/uploads\/2021\/06\/airmax1-300x169.jpg 300w, http:\/\/materace-dla-hoteli.pl\/wp-content\/uploads\/2021\/06\/airmax1-768x432.jpg 768w, http:\/\/materace-dla-hoteli.pl\/wp-content\/uploads\/2021\/06\/airmax1-1536x864.jpg 1536w, http:\/\/materace-dla-hoteli.pl\/wp-content\/uploads\/2021\/06\/airmax1.jpg 1920w\" sizes=\"(max-width: 1024px) 100vw, 1024px\" \/><\/figure>\n\n\n\n<div class=\"wp-block-group\"><div class=\"wp-block-group__inner-container is-layout-flow wp-block-group-is-layout-flow\">\n<div class=\"wp-block-group has-black-color has-text-color\"><div class=\"wp-block-group__inner-container is-layout-flow wp-block-group-is-layout-flow\">\n<figure class=\"wp-block-table\"><table><tbody><tr><td>Materac <strong>AIRMAX SOFT<\/strong><\/td><td>Materac A<strong>IRMAX HARD<\/strong><\/td><\/tr><tr><td>Mi\u0119kki H1<\/td><td>Twardy H3<\/td><\/tr><tr><td>pianka poliuretanowa T18<\/td><td>pianka poliuretanowa T30<\/td><\/tr><tr><td>Przeznaczony dla dzieci i doros\u0142ych<\/td><td>Przeznaczony dla doros\u0142ych i dzieci od 3 lat<\/td><\/tr><\/tbody><\/table><\/figure>\n<\/div><\/div>\n<\/div><\/div>\n\n\n\n<p class=\"has-black-color has-text-color\"><strong>Model AIRMAX, <\/strong>jest modelem powsta\u0142ym z zastosowaniem naszej najnowszej <strong>technologii AIRLY<\/strong>. Tysi\u0105ce mikrokom\u00f3rek tworzy jednolit\u0105 warstw\u0119 pianki, a otwory nadaj\u0105&nbsp;<strong>idealn\u0105<\/strong>&nbsp;<strong>wentylacj\u0119 i hamuj\u0105 rozw\u00f3j drobnoustroj\u00f3w<\/strong>, dzi\u0119ki temu wspaniale sprawdzi si\u0119 przy osobach maj\u0105cych problemy z alergi\u0105. <strong>Technologia zastosowana w naszych materacach charakteryzuje si\u0119 ogromn\u0105 trwa\u0142o\u015bci\u0105, przewiewno\u015bci\u0105 i spr\u0119\u017cysto\u015bci\u0105.                                       Specjalna technika dziurkowania pianki<\/strong>&nbsp;pozwala na uzyskanie niesamowitej elastyczno\u015bci i przewiewno\u015bci. Otwory idealnie wentyluj\u0105 wn\u0119trze materaca a dzi\u0119ki temu<strong>&nbsp;hamuj\u0105 rozw\u00f3j drobnoustroj\u00f3w, ple\u015bni oraz grzyb\u00f3w.<\/strong><\/p>\n\n\n\n<figure class=\"wp-block-image size-large\"><img loading=\"lazy\" decoding=\"async\" width=\"1024\" height=\"576\" src=\"https:\/\/materace-dla-hoteli.pl\/wp-content\/uploads\/2021\/06\/flexi-koko-1024x576.jpg\" alt=\"Materac piankowy flexi kokos. Dwustronny materac, twardsza strona zawieraj\u0105ca p\u0142yt\u0119 kokosow\u0105. Polski Producent materacy\" class=\"wp-image-253\" srcset=\"http:\/\/materace-dla-hoteli.pl\/wp-content\/uploads\/2021\/06\/flexi-koko-1024x576.jpg 1024w, http:\/\/materace-dla-hoteli.pl\/wp-content\/uploads\/2021\/06\/flexi-koko-300x169.jpg 300w, http:\/\/materace-dla-hoteli.pl\/wp-content\/uploads\/2021\/06\/flexi-koko-768x432.jpg 768w, http:\/\/materace-dla-hoteli.pl\/wp-content\/uploads\/2021\/06\/flexi-koko-1536x864.jpg 1536w, http:\/\/materace-dla-hoteli.pl\/wp-content\/uploads\/2021\/06\/flexi-koko.jpg 1920w\" sizes=\"(max-width: 1024px) 100vw, 1024px\" \/><\/figure>\n\n\n\n<div class=\"wp-block-group\"><div class=\"wp-block-group__inner-container is-layout-flow wp-block-group-is-layout-flow\">\n<div class=\"wp-block-group has-black-color has-text-color\"><div class=\"wp-block-group__inner-container is-layout-flow wp-block-group-is-layout-flow\">\n<figure class=\"wp-block-table\"><table><tbody><tr><td>Materac <strong>FLEXI z kokosem<\/strong><\/td><td>Materac <strong>STANDARD z kokosem<\/strong><\/td><td>Materac <strong>Bardzo Twardy z kokosem<\/strong><\/td><\/tr><tr><td>Mi\u0119kki H1 ora H2\/H3<\/td><td>\u015arednio twardy H2 oraz H3<\/td><td>Twardy H4 <\/td><\/tr><tr><td>pianka poliuretanowa T18<\/td><td>pianka poliuretanowa o gramaturze T25<\/td><td>pianka poliuretanowa o gramaturze T35<\/td><\/tr><tr><td>Przeznaczony dla doros\u0142ych, os\u00f3b starszych oraz dzieci od 3 lat<\/td><td>Przeznaczony dla dzieci, doros\u0142ych jak i os\u00f3b starszych<\/td><td>Przeznaczony dla doros\u0142ych, starszych dzieci i m\u0142odzie\u017cy (od 16 roku \u017cycia)<\/td><\/tr><\/tbody><\/table><\/figure>\n\n\n\n<p class=\"has-black-color has-text-color\">Model materaca piankowego z dodatkiem komponentu w formie maty kokosowej wp\u0142ywa na powstanie <strong>materaca dwustronnego<\/strong>. Materac <strong>posiada dwa stopnie twardo\u015bci<\/strong> w zale\u017cno\u015bci od strony na kt\u00f3rej si\u0119 \u015bpi &#8211; dzi\u0119ki temu mo\u017cna go jeszcze bardziej dostosowa\u0107 do osobistych preferencji. Materac <strong>zapewnia optymalne u\u0142o\u017cenie cia\u0142a <\/strong>na materacu<strong>. <\/strong>Cechuje si\u0119<strong> du\u017c\u0105 trwa\u0142o\u015bci\u0105<\/strong>, dzi\u0119ki lateksowej&nbsp;macie kokosowej daj\u0105cej <strong>usztywnienie i wzmocnienie.<\/strong>  <\/p>\n\n\n\n<p class=\"has-black-color has-text-color\">Jest to <strong>model Lato Zima &#8211;<\/strong>&nbsp;w lecie warto spa\u0107 na stronie z kokosem z uwagi na przewiewno\u015b\u0107 i neutralizowanie potu, natomiast w zimie polecane jest spanie na stronie bez kokosu z uwagi na przytulny charakter.<\/p>\n\n\n\n<figure class=\"wp-block-image size-large\"><img loading=\"lazy\" decoding=\"async\" width=\"1024\" height=\"576\" src=\"https:\/\/materace-dla-hoteli.pl\/wp-content\/uploads\/2021\/06\/flexi-lati-1024x576.jpg\" alt=\"\" class=\"wp-image-262\" srcset=\"http:\/\/materace-dla-hoteli.pl\/wp-content\/uploads\/2021\/06\/flexi-lati-1024x576.jpg 1024w, http:\/\/materace-dla-hoteli.pl\/wp-content\/uploads\/2021\/06\/flexi-lati-300x169.jpg 300w, http:\/\/materace-dla-hoteli.pl\/wp-content\/uploads\/2021\/06\/flexi-lati-768x432.jpg 768w, http:\/\/materace-dla-hoteli.pl\/wp-content\/uploads\/2021\/06\/flexi-lati-1536x864.jpg 1536w, http:\/\/materace-dla-hoteli.pl\/wp-content\/uploads\/2021\/06\/flexi-lati.jpg 1920w\" sizes=\"(max-width: 1024px) 100vw, 1024px\" \/><\/figure>\n<\/div><\/div>\n<\/div><\/div>\n\n\n\n<div class=\"wp-block-group has-black-color has-text-color\"><div class=\"wp-block-group__inner-container is-layout-flow wp-block-group-is-layout-flow\">\n<figure class=\"wp-block-table\"><table><tbody><tr><td>Materac <strong>FLEXI LATI<\/strong><\/td><td>Materac <strong>STANDARD LATI&nbsp;<\/strong><\/td><td>Materac <strong>HARD LATI<\/strong><\/td><\/tr><tr><td>Mi\u0119kki H1<\/td><td>\u015arednio twardy H3<\/td><td>Twardy H4<\/td><\/tr><tr><td>pianka poliuretanowa&nbsp;T18<\/td><td>pianka poliuretanowa&nbsp;T25<\/td><td>pianka poliuretanowa T30<\/td><\/tr><tr><td>Przeznaczony dla doros\u0142ych oraz dzieci powy\u017cej 3 roku \u017cycia<\/td><td>Przeznaczony dla doros\u0142ych i dzieci od 7 roku \u017cycia<\/td><td>Przeznaczony&nbsp;dla doros\u0142ych oraz starszych dzieci <\/td><\/tr><\/tbody><\/table><\/figure>\n\n\n\n<p class=\"has-black-color has-text-color\">Materac <strong>Flexi Lati<\/strong> to dwustronny&nbsp;materac z&nbsp;wk\u0142adem piankowym. Jest to materac hipoalergiczny. Lateks&nbsp;chroni materac przed wch\u0142anianiem <strong>wilgoci, kurzu <\/strong>oraz<strong> roztoczy<\/strong>. Ze wzgl\u0119du na swoje w\u0142a\u015bciwo\u015bci polecany&nbsp;szczeg\u00f3lnie osobom cierpi\u0105cym na alergie. Lateks dzi\u0119ki swojej porowatej strukturze jest <strong>niezwykle przewiewny<\/strong> i<strong> elastyczny<\/strong>, dzi\u0119ki czumu <strong>nie odkszta\u0142ca si\u0119 pod wp\u0142ywem ci\u0119\u017caru<\/strong> &#8211; mo\u017cna go poleci\u0107 osobom sp\u0119dzaj\u0105cym du\u017co czasu w \u0142\u00f3\u017cku, poniewa\u017c <strong>przeciwdzia\u0142a powstawaniu odle\u017cyn<\/strong>. Dodatkowo pomaga <strong>utrzyma\u0107 spr\u0119\u017cysto\u015b\u0107<\/strong> materaca.<\/p>\n<\/div><\/div>\n\n\n\n<figure class=\"wp-block-image size-large is-resized\"><img loading=\"lazy\" decoding=\"async\" src=\"https:\/\/materace-dla-hoteli.pl\/wp-content\/uploads\/2021\/06\/flexi-hr-1024x576.jpg\" alt=\"Materac piankowy flexi hr\" class=\"wp-image-266\" width=\"840\" height=\"472\" srcset=\"http:\/\/materace-dla-hoteli.pl\/wp-content\/uploads\/2021\/06\/flexi-hr-1024x576.jpg 1024w, http:\/\/materace-dla-hoteli.pl\/wp-content\/uploads\/2021\/06\/flexi-hr-300x169.jpg 300w, http:\/\/materace-dla-hoteli.pl\/wp-content\/uploads\/2021\/06\/flexi-hr-768x432.jpg 768w, http:\/\/materace-dla-hoteli.pl\/wp-content\/uploads\/2021\/06\/flexi-hr-1536x864.jpg 1536w, http:\/\/materace-dla-hoteli.pl\/wp-content\/uploads\/2021\/06\/flexi-hr.jpg 1920w\" sizes=\"(max-width: 840px) 100vw, 840px\" \/><\/figure>\n\n\n\n<div class=\"wp-block-group has-black-color has-text-color\"><div class=\"wp-block-group__inner-container is-layout-flow wp-block-group-is-layout-flow\">\n<figure class=\"wp-block-table\"><table><tbody><tr><td>Materac <strong>FLEXI HR <\/strong><\/td><td>Materac <strong>STANDARD HR<\/strong><\/td><td>Materac <strong>HARD HR<\/strong><\/td><\/tr><tr><td>Mi\u0119kki H1<\/td><td>\u015arednio twardy H2\/H3<\/td><td>\u015arednio twardy H2\/H3<\/td><\/tr><tr><td>pianka poliuretanowa T18<\/td><td>pianka poliuretanowa T25<\/td><td>pianka poliuretanowa T35<\/td><\/tr><tr><td>Przeznaczony os\u00f3b starszych, d\u0142ugotrwale le\u017c\u0105cych, z b\u00f3lem kr\u0119gos\u0142upa, dzieci od 3 lat<\/td><td>Przeznaczony dla os\u00f3b starszych, d\u0142ugotrwale le\u017c\u0105cych<br>oraz  dzieci od 3 lat<\/td><td>Przeznaczony dla doros\u0142ych, a przede wszystkim dla os\u00f3b starszych<\/td><\/tr><\/tbody><\/table><\/figure>\n<\/div><\/div>\n\n\n\n<p class=\"has-black-color has-text-color\"><strong>Pianka poliuretanowa typu HR<\/strong> jest to <strong>pianka wysoko elastyczna<\/strong>. Jest to pianka<strong>&nbsp;o zwi\u0119kszonej spr\u0119\u017cysto\u015bci i wytrzyma\u0142o\u015bci<\/strong>. Posiada nieregularn\u0105 struktur\u0119, poniewa\u017c zbudowana jest z&nbsp;<strong>milion\u00f3w p\u0119cherzyk\u00f3w<\/strong>&nbsp;co daje mo\u017cliwo\u015b\u0107<strong>&nbsp;perfekcyjnego dopasowania materaca do anatomicznego kszta\u0142tu<\/strong>&nbsp;cia\u0142a, gwarantuj\u0105c przyjemny komfort snu. <\/p>\n\n\n\n<p class=\"has-black-color has-text-color\">Pianka HR jest doskonale wentylowana \u2013&nbsp;<strong>sta\u0142a cyrkulacja powietrza uniemo\u017cliwia rozw\u00f3j wszelkiej ple\u015bni i grzyb\u00f3w<\/strong>. Jest to materac przeznaczony dla<strong> alergik\u00f3w.<\/strong><\/p>\n\n\n\n<figure class=\"wp-block-image size-large is-resized\"><img loading=\"lazy\" decoding=\"async\" src=\"https:\/\/materace-dla-hoteli.pl\/wp-content\/uploads\/2021\/06\/flexi-visco-1024x576.jpg\" alt=\"flexi visco\" class=\"wp-image-282\" width=\"838\" height=\"471\" srcset=\"http:\/\/materace-dla-hoteli.pl\/wp-content\/uploads\/2021\/06\/flexi-visco-1024x576.jpg 1024w, http:\/\/materace-dla-hoteli.pl\/wp-content\/uploads\/2021\/06\/flexi-visco-300x169.jpg 300w, http:\/\/materace-dla-hoteli.pl\/wp-content\/uploads\/2021\/06\/flexi-visco-768x432.jpg 768w, http:\/\/materace-dla-hoteli.pl\/wp-content\/uploads\/2021\/06\/flexi-visco-1536x864.jpg 1536w, http:\/\/materace-dla-hoteli.pl\/wp-content\/uploads\/2021\/06\/flexi-visco.jpg 1920w\" sizes=\"(max-width: 838px) 100vw, 838px\" \/><\/figure>\n\n\n\n<div class=\"wp-block-group has-black-color has-text-color\"><div class=\"wp-block-group__inner-container is-layout-flow wp-block-group-is-layout-flow\">\n<figure class=\"wp-block-table\"><table><tbody><tr><td>Materac <strong>FLEXI VISCO<\/strong><\/td><td>Materac <strong>STANDARD VISCO<\/strong><\/td><td>Materac <strong>HARD VISCO<\/strong><\/td><\/tr><tr><td>Mi\u0119kki H1<\/td><td>\u015arednio twardy H2\/H3<\/td><td>Twardy H4<\/td><\/tr><tr><td>pianka poliuretanowa T18<\/td><td>pianka poliuretanowa T25<\/td><td>pianka poliuretanowa T35<\/td><\/tr><tr><td>Przeznaczony dla os\u00f3b starszych, d\u0142ugotrwale le\u017c\u0105cych oraz dzieci od 3 lat<\/td><td>Przeznaczony dla dzieci, m\u0142odzie\u017cy, doros\u0142ych oraz <br>os\u00f3b starszych<\/td><td>Przeznaczony dla doros\u0142ych oraz<br>os\u00f3b starszych, z problemami sk\u00f3rnymi, odle\u017cynami, z problemami z kr\u0105\u017ceniem<br>oraz z problemami z kr\u0119gos\u0142upem<\/td><\/tr><\/tbody><\/table><\/figure>\n\n\n\n<p class=\"has-black-color has-text-color\">Materac z <strong>piank\u0105 visco, <\/strong>zawiera element materaca wyprodukowany na bazie poliuretanu, natomiast zosta\u0142 dodatkowo\u00a0<strong>wzbogacony o \u015brodki zapewniaj\u0105ce odpowiedni\u0105 spr\u0119\u017cysto\u015b\u0107<\/strong>. Dzi\u0119ki czemu pod wp\u0142ywem<strong> temperatury<\/strong> cia\u0142a, nast\u0119puje jego nietrwa\u0142e odkszta\u0142cenie. Jego<strong>\u00a0kszta\u0142t dostosuje si\u0119 do kszta\u0142tu cia\u0142a, wi\u0119c b\u0119dzie przylega\u0142 idealnie<\/strong>. Pianka ta w bardzo dobry spos\u00f3b zapobiega powstawaniu odle\u017cyn, dlatego pierwotnym zastosowaniem pianki by\u0142a\u00a0<strong>profilaktyka os\u00f3b ob\u0142o\u017cnie chorych<\/strong>.<\/p>\n<\/div><\/div>\n\n\n\n<p>                                                                                                                                                  <\/p>\n","protected":false},"excerpt":{"rendered":"<p>Materac FLEXI BASIC Materac FLEXI STANDARD Materac FLEXI HARD &nbsp;Mi\u0119kki H1 Twardy H3 Bardzo twardy H4 pianka poliuretanowa T18 pianka poliuretanowa o gramaturze T25 pianka poliuretanowa o gramaturze T35 Przeznaczony dla dzieci i doros\u0142ych Przeznaczony dla doros\u0142ych i dzieci od 3 lat Przeznaczony dla doros\u0142ych Materace piankowe FLEXI, cechuje wysoka trwa\u0142o\u015b\u0107 i odporno\u015b\u0107 na dzia\u0142anie [&hellip;]<\/p>\n","protected":false},"author":1,"featured_media":0,"parent":0,"menu_order":0,"comment_status":"closed","ping_status":"closed","template":"","meta":{"footnotes":""},"_links":{"self":[{"href":"http:\/\/materace-dla-hoteli.pl\/index.php?rest_route=\/wp\/v2\/pages\/196"}],"collection":[{"href":"http:\/\/materace-dla-hoteli.pl\/index.php?rest_route=\/wp\/v2\/pages"}],"about":[{"href":"http:\/\/materace-dla-hoteli.pl\/index.php?rest_route=\/wp\/v2\/types\/page"}],"author":[{"embeddable":true,"href":"http:\/\/materace-dla-hoteli.pl\/index.php?rest_route=\/wp\/v2\/users\/1"}],"replies":[{"embeddable":true,"href":"http:\/\/materace-dla-hoteli.pl\/index.php?rest_route=%2Fwp%2Fv2%2Fcomments&post=196"}],"version-history":[{"count":48,"href":"http:\/\/materace-dla-hoteli.pl\/index.php?rest_route=\/wp\/v2\/pages\/196\/revisions"}],"predecessor-version":[{"id":289,"href":"http:\/\/materace-dla-hoteli.pl\/index.php?rest_route=\/wp\/v2\/pages\/196\/revisions\/289"}],"wp:attachment":[{"href":"http:\/\/materace-dla-hoteli.pl\/index.php?rest_route=%2Fwp%2Fv2%2Fmedia&parent=196"}],"curies":[{"name":"wp","href":"https:\/\/api.w.org\/{rel}","templated":true}]}}